{"id":682,"date":"2023-03-18T13:17:08","date_gmt":"2023-03-18T18:17:08","guid":{"rendered":"http:\/\/mobile-tic.comsistema-administrador-de-acueductos-copy\/"},"modified":"2023-11-02T15:06:17","modified_gmt":"2023-11-02T20:06:17","slug":"sistema-web-pos-restaurante-bar","status":"publish","type":"page","link":"https:\/\/mobile-tic.com\/?page_id=682","title":{"rendered":"Sistema Web POS Restaurante \/ Bar"},"content":{"rendered":"\n<div class=\"wp-block-cover alignfull\"><span aria-hidden=\"true\" class=\"wp-block-cover__background has-nv-light-bg-background-color has-background-dim-100 has-background-dim\"><\/span><div class=\"wp-block-cover__inner-container is-layout-flow wp-block-cover-is-layout-flow\">\n<div style=\"height:50px\" aria-hidden=\"true\" class=\"wp-block-spacer\"><\/div>\n\n\n\n<div class=\"wp-block-columns alignwide is-layout-flex wp-container-core-columns-is-layout-9d6595d7 wp-block-columns-is-layout-flex\">\n<div class=\"wp-block-column is-layout-flow wp-block-column-is-layout-flow\"><\/div>\n<\/div>\n\n\n\n<div class=\"wp-block-columns alignwide is-layout-flex wp-container-core-columns-is-layout-9d6595d7 wp-block-columns-is-layout-flex\">\n<div class=\"wp-block-column is-vertically-aligned-center is-layout-flow wp-block-column-is-layout-flow\"><h2 style=\"text-transform:uppercase;\" class=\"wp-block-post-title has-text-color has-neve-link-color-color\">Sistema Web POS Restaurante \/ Bar<\/h2>\n\n\n<p class=\"has-neve-text-color-color has-text-color\">El Sistema&nbsp;<strong>Web POS<\/strong>&nbsp;Restaurante es una de las nuevas herramientas m\u00f3viles y en la nube que minimizan la inversi\u00f3n en TIC (Tecnolog\u00edas de la Informaci\u00f3n y la Comunicaci\u00f3n) a la vez que facilitan la gesti\u00f3n y administraci\u00f3n de empresas gastron\u00f3micas.<\/p>\n\n\n\n<div class=\"wp-block-buttons is-content-justification-left is-layout-flex wp-container-core-buttons-is-layout-fdcfc74e wp-block-buttons-is-layout-flex\">\n<div class=\"wp-block-button is-style-secondary\"><a class=\"wp-block-button__link has-text-align-left wp-element-button\" href=\"https:\/\/mobile-tic.com\/wp-content\/uploads\/2023\/11\/Brochure-Sistema-Web-POS-Restaurantes-_compressed.pdf\" target=\"_blank\" rel=\"noreferrer noopener\">Descargar PDF<\/a><\/div>\n<\/div>\n<\/div>\n\n\n\n<div class=\"wp-block-column is-layout-flow wp-block-column-is-layout-flow\" style=\"flex-basis:60%\">\n<figure class=\"wp-block-embed is-type-video is-provider-youtube wp-block-embed-youtube wp-embed-aspect-16-9 wp-has-aspect-ratio\"><div class=\"wp-block-embed__wrapper\">\n<div class=\"nv-iframe-embed\"><iframe loading=\"lazy\" title=\"Web Pos   Mobile Tic\" width=\"1200\" height=\"675\" src=\"https:\/\/www.youtube.com\/embed\/D3QnAdxA264?feature=oembed\" frameborder=\"0\" allow=\"accelerometer; autoplay; clipboard-write; encrypted-media; gyroscope; picture-in-picture; web-share\" referrerpolicy=\"strict-origin-when-cross-origin\" allowfullscreen><\/iframe><\/div>\n<\/div><\/figure>\n<\/div>\n<\/div>\n\n\n\n<div class=\"wp-block-columns alignwide is-layout-flex wp-container-core-columns-is-layout-9d6595d7 wp-block-columns-is-layout-flex\">\n<div class=\"wp-block-column is-layout-flow wp-block-column-is-layout-flow\">\n<div id=\"wp-block-themeisle-blocks-tabs-7ad93a5a\" class=\"wp-block-themeisle-blocks-tabs has-light-bg is-align-full\"><div class=\"wp-block-themeisle-blocks-tabs__content\">\n<div data-title=\"Funcionalidades\" class=\"wp-block-themeisle-blocks-tabs-item\"><div class=\"wp-block-themeisle-blocks-tabs-item__header\" tabindex=\"0\">Funcionalidades<\/div><div class=\"wp-block-themeisle-blocks-tabs-item__content\">\n<p class=\"has-neve-text-color-color has-text-color has-medium-font-size\"><strong>Web POS Restaurante<\/strong> es la opci\u00f3n m\u00e1s econ\u00f3mica y eficiente para administrar la informaci\u00f3n de restaurantes independientes, cadenas de restaurantes, patios de comidas, caf\u00e9s, bares y dem\u00e1s negocios de orden gastron\u00f3mico:<\/p>\n\n\n\n<div id=\"wp-block-themeisle-blocks-icon-list-be11f9a7\" class=\"wp-block-themeisle-blocks-icon-list has-divider\">\n<div id=\"wp-block-themeisle-blocks-icon-list-item-a48da3be\" class=\"wp-block-themeisle-blocks-icon-list-item\"><i class=\"fas fa-check wp-block-themeisle-blocks-icon-list-item-icon\"><\/i><p class=\"wp-block-themeisle-blocks-icon-list-item-content\"><strong>Sistema completo de POS:<\/strong> manejo de facturaci\u00f3n, inventarios, compras, reportes diarios y por per\u00edodos.<\/p><\/div>\n\n\n\n<div id=\"wp-block-themeisle-blocks-icon-list-item-f4f9aee6\" class=\"wp-block-themeisle-blocks-icon-list-item\"><i class=\"fas fa-check wp-block-themeisle-blocks-icon-list-item-icon\"><\/i><p class=\"wp-block-themeisle-blocks-icon-list-item-content\">\u00c1gil y completa interfaz para el trabajo de los meseros, cocina y cajeros, dise\u00f1ada especialmente para dispositivos m\u00f3viles.<\/p><\/div>\n\n\n\n<div id=\"wp-block-themeisle-blocks-icon-list-item-ee709271\" class=\"wp-block-themeisle-blocks-icon-list-item\"><i class=\"fas fa-check wp-block-themeisle-blocks-icon-list-item-icon\"><\/i><p class=\"wp-block-themeisle-blocks-icon-list-item-content\"><strong>Consulta remota de reportes:<\/strong> controle el restaurante desde cualquier lugar en que se encuentre a trav\u00e9s de un computador, celular o Tablet con acceso a internet.<\/p><\/div>\n<\/div>\n<\/div><\/div>\n\n\n\n<div data-title=\"Ventajas \u00fanicas\" class=\"wp-block-themeisle-blocks-tabs-item\"><div class=\"wp-block-themeisle-blocks-tabs-item__header\" tabindex=\"0\">Ventajas \u00fanicas<\/div><div class=\"wp-block-themeisle-blocks-tabs-item__content\">\n<p>Comandas con Tablet, Control de cocina digital, Administraci\u00f3n en la nube: tecnolog\u00eda para hacer m\u00e1s eficiente el servicio y facilitar la gesti\u00f3n de su <strong>Restaurante\/Bar<\/strong>.<\/p>\n\n\n\n<figure class=\"wp-block-image size-full\"><img loading=\"lazy\" decoding=\"async\" width=\"700\" height=\"267\" src=\"https:\/\/mobile-tic.com\/wp-content\/uploads\/2023\/03\/webpost.jpg\" alt=\"\" class=\"wp-image-631\" srcset=\"https:\/\/mobile-tic.com\/wp-content\/uploads\/2023\/03\/webpost.jpg 700w, https:\/\/mobile-tic.com\/wp-content\/uploads\/2023\/03\/webpost-300x114.jpg 300w\" sizes=\"auto, (max-width: 700px) 100vw, 700px\" \/><\/figure>\n\n\n\n<p><\/p>\n\n\n\n<p><strong>\u00danico sistema con control de cocina en pantalla (sin costo adicional)<\/strong><\/p>\n\n\n\n<p>Le permite conocer <strong>platos demorados, consolidar platos<\/strong> para hacer m\u00e1s eficiente su preparaci\u00f3n, facilitar la atenci\u00f3n prioritaria de entradas y otros beneficios <strong>sin costo adicional.<\/strong><\/p>\n\n\n\n<p><strong>No requiere internet para funcionar<\/strong><\/p>\n\n\n\n<p>No importa si se cae el internet o no cuenta con internet en su establecimiento, Web POS Restaurante contin\u00faa funcionando sin inconvenientes. Internet se requiere \u00fanicamente para la consulta remota de reportes y soporte t\u00e9cnico virtual.<\/p>\n\n\n\n<p><strong>Costo No es un secreto:<\/strong><strong>Web POS cuesta menos que otros POS<\/strong> con caracter\u00edsticas similares o inferiores.<\/p>\n\n\n\n<p>Nuestro modelo de negocio por suscripci\u00f3n no lo amarra a contratos o fechas de permanencia; usted puede decidir en todo momento <strong>cambiar las caracter\u00edsticas de su plan<\/strong> para el mes siguiente, o dejar de usar el sistema Web POS.<\/p>\n<\/div><\/div>\n\n\n\n<div data-title=\"Ingreso\" class=\"wp-block-themeisle-blocks-tabs-item\"><div class=\"wp-block-themeisle-blocks-tabs-item__header\" tabindex=\"0\">Ingreso<\/div><div class=\"wp-block-themeisle-blocks-tabs-item__content\">\n<h4 class=\"wp-block-heading has-neve-link-hover-color-color has-text-color\">\u00bfYa eres cliente?<\/h4>\n\n\n\n<div class=\"wp-block-buttons is-layout-flex wp-block-buttons-is-layout-flex\">\n<div class=\"wp-block-button is-style-primary\"><a class=\"wp-block-button__link wp-element-button\" href=\"http:\/\/pos.mobile-tic.com:8700\/webpos\/\" target=\"_blank\" rel=\"noreferrer noopener\">Ingresar al sistema<\/a><\/div>\n<\/div>\n\n\n\n<div style=\"height:50px\" aria-hidden=\"true\" class=\"wp-block-spacer\"><\/div>\n\n\n\n<h4 class=\"wp-block-heading has-neve-text-color-color has-text-color\">\u00bfA\u00faN NO eres cliente?<\/h4>\n\n\n\n<p>Cont\u00e1ctenos para recibir m\u00e1s informaci\u00f3n<\/p>\n\n\n\n<div class=\"wp-block-buttons is-layout-flex wp-block-buttons-is-layout-flex\">\n<div class=\"wp-block-button is-style-secondary\"><a class=\"wp-block-button__link wp-element-button\" href=\"#contacto\">M\u00e1s informaci\u00f3n<\/a><\/div>\n<\/div>\n<\/div><\/div>\n<\/div><\/div>\n<\/div>\n<\/div>\n\n\n\n<div class=\"wp-block-columns alignwide is-layout-flex wp-container-core-columns-is-layout-9d6595d7 wp-block-columns-is-layout-flex\">\n<div class=\"wp-block-column is-vertically-aligned-bottom is-layout-flow wp-block-column-is-layout-flow\">\n<div style=\"height:20px\" aria-hidden=\"true\" class=\"wp-block-spacer\"><\/div>\n\n\n\n<h3 class=\"wp-block-heading has-text-align-center has-neve-link-hover-color-color has-text-color\">Funcionalidades destacadas<\/h3>\n<\/div>\n<\/div>\n\n\n\n<div class=\"wp-block-columns alignwide is-layout-flex wp-container-core-columns-is-layout-9d6595d7 wp-block-columns-is-layout-flex\">\n<div class=\"wp-block-column is-layout-flow wp-block-column-is-layout-flow\" style=\"flex-basis:100%\">\n<div id=\"wp-block-themeisle-blocks-advanced-columns-eb2109f0\" class=\"wp-block-themeisle-blocks-advanced-columns has-3-columns has-desktop-equal-layout has-tablet-twoColumnGrid-layout has-mobile-twoColumnGrid-layout has-vertical-center has-vertical-undefined\"><div class=\"wp-block-themeisle-blocks-advanced-columns-overlay\"><\/div><div class=\"innerblocks-wrap\">\n<div id=\"wp-block-themeisle-blocks-advanced-column-1b578c86\" class=\"wp-block-themeisle-blocks-advanced-column\">\n<div id=\"wp-block-themeisle-blocks-font-awesome-icons-0de5c2c1\" class=\"wp-block-themeisle-blocks-font-awesome-icons\"><span class=\"wp-block-themeisle-blocks-font-awesome-icons-container\"><i class=\"fas fa-laptop\"><\/i><\/span><\/div>\n\n\n\n<p class=\"has-text-align-center has-neve-text-color-color has-text-color\"><strong><strong>\u00danico sistema con control de cocina en pantalla (sin costo adicional)<\/strong><\/strong><\/p>\n\n\n\n<p class=\"has-text-align-center has-neve-text-color-color has-text-color\">Le permite conocer platos demorados, consolidar platos para hacer m\u00e1s eficiente su preparaci\u00f3n, facilitar la atenci\u00f3n prioritaria de entradas y otros beneficios sin costo adicional.<\/p>\n\n\n\n<hr class=\"wp-block-separator has-text-color has-neve-link-hover-color-color has-alpha-channel-opacity has-neve-link-hover-color-background-color has-background is-style-default\"\/>\n<\/div>\n\n\n\n<div id=\"wp-block-themeisle-blocks-advanced-column-3abbceb7\" class=\"wp-block-themeisle-blocks-advanced-column\">\n<div id=\"wp-block-themeisle-blocks-font-awesome-icons-d77c8991\" class=\"wp-block-themeisle-blocks-font-awesome-icons\"><span class=\"wp-block-themeisle-blocks-font-awesome-icons-container\"><i class=\"fas fa-wifi\"><\/i><\/span><\/div>\n\n\n\n<p class=\"has-text-align-center has-neve-text-color-color has-text-color\"><strong>No requiere internet para funcionar<\/strong><\/p>\n\n\n\n<p class=\"has-text-align-center has-neve-text-color-color has-text-color\">No importa si se cae el internet o no cuenta con internet en su establecimiento, Web POS Restaurante contin\u00faa funcionando sin inconvenientes. Internet se requiere \u00fanicamente para la consulta remota de reportes y soporte t\u00e9cnico virtual.<\/p>\n\n\n\n<hr class=\"wp-block-separator has-text-color has-neve-link-hover-color-color has-alpha-channel-opacity has-neve-link-hover-color-background-color has-background is-style-default\"\/>\n<\/div>\n\n\n\n<div id=\"wp-block-themeisle-blocks-advanced-column-8071ec2b\" class=\"wp-block-themeisle-blocks-advanced-column\">\n<div id=\"wp-block-themeisle-blocks-font-awesome-icons-ca49703d\" class=\"wp-block-themeisle-blocks-font-awesome-icons\"><span class=\"wp-block-themeisle-blocks-font-awesome-icons-container\"><i class=\"fas fa-money-bill-wave-alt\"><\/i><\/span><\/div>\n\n\n\n<p class=\"has-text-align-center has-neve-text-color-color has-text-color\"><strong><strong><strong>Costo<\/strong><\/strong><\/strong><\/p>\n\n\n\n<p class=\"has-text-align-center has-neve-text-color-color has-text-color\">No es un secreto Web POS cuesta menos que otros POS con caracter\u00edsticas similares o inferiores.<\/p>\n\n\n\n<hr class=\"wp-block-separator has-text-color has-neve-link-hover-color-color has-alpha-channel-opacity has-neve-link-hover-color-background-color has-background is-style-default\"\/>\n<\/div>\n<\/div><\/div>\n<\/div>\n<\/div>\n\n\n\n<p><\/p>\n<\/div><\/div>\n\n\n\n<div class=\"wp-block-cover alignfull\"><span aria-hidden=\"true\" class=\"wp-block-cover__background has-nv-text-dark-bg-background-color has-background-dim-100 has-background-dim\"><\/span><div class=\"wp-block-cover__inner-container is-layout-flow wp-block-cover-is-layout-flow\">\n<p id=\"contacto\"><\/p>\n\n\n\n<div style=\"height:50px\" aria-hidden=\"true\" class=\"wp-block-spacer\"><\/div>\n\n\n\n<div class=\"wp-block-columns alignwide is-layout-flex wp-container-core-columns-is-layout-9d6595d7 wp-block-columns-is-layout-flex\">\n<div class=\"wp-block-column is-vertically-aligned-top is-layout-flow wp-block-column-is-layout-flow\">\n<h3 class=\"wp-block-heading has-text-align-left has-neve-link-hover-color-color has-text-color\" style=\"text-transform:none\">\u00bfEst\u00e1s interesado en nuestros productos? \u00a1D\u00e9janos tus datos!<\/h3>\n\n\n\n<h4 class=\"wp-block-heading has-text-align-left has-neve-text-color-color has-text-color\" style=\"text-transform:capitalize\">Solicita una asesor\u00eda sin costo.<\/h4>\n\n\n\n<p class=\"has-neve-text-color-color has-text-color\">Conoce como podemos automatizar y mejorar la eficiencia de tus procesos para reducir costos.<\/p>\n<\/div>\n\n\n\n<div class=\"wp-block-column is-layout-flow wp-block-column-is-layout-flow\" style=\"flex-basis:60%\"><p><div class=\"forminator-ui forminator-custom-form forminator-custom-form-951 forminator-design--material forminator-custom forminator_ajax\" data-forminator-render=\"0\" data-form=\"forminator-module-951\" data-uid=\"69f600ba9090d\"><br\/><\/div><form\n\t\t\t\tid=\"forminator-module-951\"\n\t\t\t\tclass=\"forminator-ui forminator-custom-form forminator-custom-form-951 forminator-design--material forminator-custom forminator_ajax\"\n\t\t\t\tmethod=\"post\"\n\t\t\t\tdata-forminator-render=\"0\"\n\t\t\t\tdata-form-id=\"951\"\n\t\t\t\t data-color-option=\"default\" data-design=\"material\" data-grid=\"custom\" style=\"display: none;\"\n\t\t\t\tdata-uid=\"69f600ba9090d\"\n\t\t\t><div role=\"alert\" aria-live=\"polite\" class=\"forminator-response-message forminator-error\" aria-hidden=\"true\"><\/div><div class=\"forminator-row\"><div id=\"name-1\" class=\"forminator-field-name forminator-col forminator-col-6 \"><div class=\"forminator-field\"><label for=\"forminator-field-name-1_69f600ba9090d\" id=\"forminator-field-name-1_69f600ba9090d-label\" class=\"forminator-label\">Nombre <span class=\"forminator-required\">*<\/span><\/label><input type=\"text\" name=\"name-1\" value=\"\" placeholder=\"\" id=\"forminator-field-name-1_69f600ba9090d\" class=\"forminator-input forminator-name--field\" aria-required=\"true\" autocomplete=\"name\" \/><\/div><\/div><div id=\"name-2\" class=\"forminator-field-name forminator-col forminator-col-6 \"><div class=\"forminator-field\"><label for=\"forminator-field-name-2_69f600ba9090d\" id=\"forminator-field-name-2_69f600ba9090d-label\" class=\"forminator-label\">Empresa <span class=\"forminator-required\">*<\/span><\/label><input type=\"text\" name=\"name-2\" value=\"\" placeholder=\"\" id=\"forminator-field-name-2_69f600ba9090d\" class=\"forminator-input forminator-name--field\" aria-required=\"true\" autocomplete=\"name\" \/><\/div><\/div><\/div><div class=\"forminator-row\"><div id=\"phone-1\" class=\"forminator-field-phone forminator-col forminator-col-6 \"><div class=\"forminator-field\"><label for=\"forminator-field-phone-1_69f600ba9090d\" id=\"forminator-field-phone-1_69f600ba9090d-label\" class=\"forminator-label\">Celular <span class=\"forminator-required\">*<\/span><\/label><input type=\"text\" name=\"phone-1\" value=\"\" placeholder=\"\" id=\"forminator-field-phone-1_69f600ba9090d\" class=\"forminator-input forminator-field--phone\" data-required=\"1\" aria-required=\"true\" autocomplete=\"off\" data-validation=\"1\" \/><\/div><\/div><div id=\"email-1\" class=\"forminator-field-email forminator-col forminator-col-6 \"><div class=\"forminator-field\"><label for=\"forminator-field-email-1_69f600ba9090d\" id=\"forminator-field-email-1_69f600ba9090d-label\" class=\"forminator-label\">Correo electr\u00f3nico <span class=\"forminator-required\">*<\/span><\/label><input type=\"email\" name=\"email-1\" value=\"\" placeholder=\"Ej . : john@doe.com\" id=\"forminator-field-email-1_69f600ba9090d\" class=\"forminator-input forminator-email--field\" data-required=\"true\" aria-required=\"true\" autocomplete=\"email\" \/><\/div><\/div><\/div><div class=\"forminator-row\"><div id=\"textarea-1\" class=\"forminator-field-textarea forminator-col forminator-col-12 \"><div class=\"forminator-field\"><label for=\"forminator-field-textarea-1_69f600ba9090d\" id=\"forminator-field-textarea-1_69f600ba9090d-label\" class=\"forminator-label\">Mensaje<\/label><textarea name=\"textarea-1\" placeholder=\"\" id=\"forminator-field-textarea-1_69f600ba9090d\" class=\"forminator-textarea\" rows=\"6\" style=\"--forminator-textarea-min-height:140px;\" maxlength=\"180\" ><\/textarea><span id=\"forminator-field-textarea-1_69f600ba9090d-description\" class=\"forminator-description\"><span data-limit=\"180\" data-type=\"characters\" data-editor=\"\">0 \/ 180<\/span><\/span><\/div><\/div><\/div><div class=\"forminator-row\"><div id=\"consent-1\" class=\"forminator-field-consent forminator-col forminator-col-12 \"><div class=\"forminator-field\"><div class=\"forminator-checkbox__wrapper\"><label id=\"forminator-field-consent-1_69f600ba9090d__label\" class=\"forminator-checkbox forminator-consent\"><input type=\"checkbox\" name=\"consent-1\" id=\"forminator-field-consent-1_69f600ba9090d\" value=\"checked\" aria-labelledby=\"forminator-field-consent-1_69f600ba9090d-label\" aria-describedby=\"forminator-field-consent-1_69f600ba9090d__description\" data-required=\"true\" aria-required=\"true\" \/><span class=\"forminator-checkbox-box\" aria-hidden=\"true\"><\/span><\/label><div id=\"forminator-field-consent-1_69f600ba9090d__description\" class=\"forminator-checkbox__label forminator-consent__label\"><p>S\u00ed, acepto la <a href=\"http:\/\/www.aguasdelnorte.co\/test\/mobile-tic\/politica-privacidad\/\" target=\"_blank\" rel=\"noopener\">pol\u00edtica de privacidad y tratamiento de datos.<\/a><\/p><\/div><\/div><\/div><\/div><\/div><div class=\"forminator-row\"><div id=\"captcha-1\" class=\"forminator-field-captcha forminator-col forminator-col-12 \"><div class=\"forminator-captcha-left forminator-g-recaptcha\" data-theme=\"light\"  data-sitekey=\"6Led3RAlAAAAACMBVG__rOcJ8sbr3FsuSLelM7LX\" data-size=\"normal\"><\/div> <\/div><\/div><input type=\"hidden\" name=\"referer_url\" value=\"\" \/><div class=\"forminator-row forminator-row-last\"><div class=\"forminator-col\"><div class=\"forminator-field\"><button class=\"forminator-button forminator-button-submit\"><span>Solicitar m&aacute;s informaci&oacute;n<\/span><span aria-hidden=\"true\"><\/span><\/button><\/div><\/div><\/div><input type=\"hidden\" id=\"forminator_nonce\" name=\"forminator_nonce\" value=\"ef2918e11d\" \/><input type=\"hidden\" name=\"_wp_http_referer\" value=\"\/index.php?rest_route=%2Fwp%2Fv2%2Fpages%2F682\" \/><input type=\"hidden\" name=\"form_id\" value=\"951\"><input type=\"hidden\" name=\"page_id\" value=\"682\"><input type=\"hidden\" name=\"form_type\" value=\"default\"><input type=\"hidden\" name=\"current_url\" value=\"https:\/\/mobile-tic.com\/?page_id=682\"><input type=\"hidden\" name=\"render_id\" value=\"0\"><input type=\"hidden\" name=\"action\" value=\"forminator_submit_form_custom-forms\"><\/form><\/p>\n<\/div>\n<\/div>\n\n\n\n<div class=\"wp-block-columns alignwide is-layout-flex wp-container-core-columns-is-layout-9d6595d7 wp-block-columns-is-layout-flex\">\n<div class=\"wp-block-column is-vertically-aligned-bottom is-layout-flow wp-block-column-is-layout-flow\"><\/div>\n<\/div>\n<\/div><\/div>\n","protected":false},"excerpt":{"rendered":"","protected":false},"author":1,"featured_media":763,"parent":0,"menu_order":0,"comment_status":"closed","ping_status":"closed","template":"page-templates\/template-pagebuilder-full-width.php","meta":{"neve_meta_sidebar":"full-width","neve_meta_container":"","neve_meta_enable_content_width":"on","neve_meta_content_width":100,"neve_meta_title_alignment":"","neve_meta_author_avatar":"","neve_post_elements_order":"","neve_meta_disable_header":"","neve_meta_disable_footer":"","neve_meta_disable_title":"","_themeisle_gutenberg_block_has_review":false,"_joinchat":[],"footnotes":""},"categories":[21,22],"tags":[],"class_list":["post-682","page","type-page","status-publish","has-post-thumbnail","hentry","category-productos","category-servicios"],"_links":{"self":[{"href":"https:\/\/mobile-tic.com\/index.php?rest_route=\/wp\/v2\/pages\/682","targetHints":{"allow":["GET"]}}],"collection":[{"href":"https:\/\/mobile-tic.com\/index.php?rest_route=\/wp\/v2\/pages"}],"about":[{"href":"https:\/\/mobile-tic.com\/index.php?rest_route=\/wp\/v2\/types\/page"}],"author":[{"embeddable":true,"href":"https:\/\/mobile-tic.com\/index.php?rest_route=\/wp\/v2\/users\/1"}],"replies":[{"embeddable":true,"href":"https:\/\/mobile-tic.com\/index.php?rest_route=%2Fwp%2Fv2%2Fcomments&post=682"}],"version-history":[{"count":0,"href":"https:\/\/mobile-tic.com\/index.php?rest_route=\/wp\/v2\/pages\/682\/revisions"}],"wp:featuredmedia":[{"embeddable":true,"href":"https:\/\/mobile-tic.com\/index.php?rest_route=\/wp\/v2\/media\/763"}],"wp:attachment":[{"href":"https:\/\/mobile-tic.com\/index.php?rest_route=%2Fwp%2Fv2%2Fmedia&parent=682"}],"wp:term":[{"taxonomy":"category","embeddable":true,"href":"https:\/\/mobile-tic.com\/index.php?rest_route=%2Fwp%2Fv2%2Fcategories&post=682"},{"taxonomy":"post_tag","embeddable":true,"href":"https:\/\/mobile-tic.com\/index.php?rest_route=%2Fwp%2Fv2%2Ftags&post=682"}],"curies":[{"name":"wp","href":"https:\/\/api.w.org\/{rel}","templated":true}]}}